
Is 1423 composite?
False
Is 1052209 composite?
True
Is 4049 prime?
True
Is 5541 a composite number?
True
Is 26539 prime?
True
Is 787 a prime number?
True
Is 281549 a composite number?
False
Is 383921 a prime number?
False
Is 8137 a composite number?
True
Is 397183 a composite number?
False
Is 95327 a prime number?
True
Is 28157 a composite number?
True
Is 9491 prime?
True
Is 1733 composite?
False
Is 212827 a composite number?
False
Is 86341 prime?
True
Is 142999 composite?
True
Is 734627 a prime number?
True
Is 5903 a composite number?
False
Is 1763 prime?
False
Is 12646 prime?
False
Is 2777 composite?
False
Is 7103 composite?
False
Is 24197 composite?
False
Is 2069 prime?
True
Is 926186 a composite number?
True
Is 1357 prime?
False
Is 26615 a prime number?
False
Is 7057 a composite number?
False
Is 39599 prime?
False
Is 362513 prime?
False
Is 331 a composite number?
False
Is 83371 a composite number?
True
Is 1222787 a prime number?
False
Is 376835 prime?
False
Is 5583 a composite number?
True
Is 26401 a prime number?
False
Is 361535 a composite number?
True
Is 56103 a prime number?
False
Is 13579 a prime number?
False
Is 32081 prime?
False
Is 21737 a prime number?
True
Is 212165 composite?
True
Is 3247 prime?
False
Is 160729 prime?
False
Is 326329 composite?
True
Is 1182754 composite?
True
Is 7247 composite?
False
Is 293071 a prime number?
True
Is 1087 composite?
False
Is 2133817 a composite number?
True
Is 232217 a composite number?
False
Is 199721 a composite number?
False
Is 188093 a composite number?
True
Is 626147 a prime number?
True
Is 3460213 a prime number?
True
Is 3665 composite?
True
Is 58 a prime number?
False
Is 98561 a prime number?
True
Is 29446 composite?
True
Is 218129 a composite number?
True
Is 7039 a composite number?
False
Is 42131 prime?
True
Is 142169 a prime number?
True
Is 564341 composite?
True
Is 4707073 prime?
False
Is 167073 a prime number?
False
Is 7393 prime?
True
Is 138059 a composite number?
False
Is 18041 prime?
True
Is 1436557 prime?
False
Is 43481 composite?
False
Is 206519 prime?
True
Is 7433 a composite number?
False
Is 1205413 a composite number?
True
Is 3787 a composite number?
True
Is 1439657 prime?
False
Is 596795 composite?
True
Is 26759 prime?
True
Is 5711 a prime number?
True
Is 1835 a composite number?
True
Is 3809 a prime number?
False
Is 4683713 prime?
True
Is 61865 a composite number?
True
Is 5281979 a composite number?
False
Is 2098 prime?
False
Is 6117 composite?
True
Is 166063 a composite number?
False
Is 2867 composite?
True
Is 79487 composite?
True
Is 36079 prime?
False
Is 148793 a composite number?
False
Is 12569 composite?
False
Is 3990151 prime?
False
Is 63949 a prime number?
True
Is 8279 composite?
True
Is 2669 prime?
False
Is 331105 prime?
False
Is 859187 composite?
True
Is 6431 a composite number?
True
Is 3385 composite?
True
Is 726959 a prime number?
False
Is 1293157 a prime number?
True
Is 202307 composite?
True
Is 8741 composite?
False
Is 18637 a composite number?
False
Is 911 a prime number?
True
Is 49481 prime?
True
Is 199105 a prime number?
False
Is 90787 prime?
True
Is 31163 prime?
False
Is 1809274 a composite number?
True
Is 170627 composite?
False
Is 425507 a composite number?
True
Is 8531 a prime number?
False
Is 12893 a prime number?
True
Is 589567 a prime number?
False
Is 5311 a prime number?
False
Is 5017 composite?
True
Is 70139 a composite number?
False
Is 154123 a prime number?
False
Is 5161 prime?
False
Is 39661 a composite number?
True
Is 16595 composite?
True
Is 10133 a composite number?
False
Is 505757 a composite number?
True
Is 31645 prime?
False
Is 441679 prime?
False
Is 24071 prime?
True
Is 193145 composite?
True
Is 145226 a composite number?
True
Is 3961 a composite number?
True
Is 4029215 prime?
False
Is 6103 a prime number?
False
Is 50849 a prime number?
True
Is 24901 composite?
True
Is 78773 a prime number?
False
Is 1067509 a composite number?
False
Is 1774 composite?
True
Is 716339 prime?
False
Is 3019 composite?
False
Is 125839 composite?
True
Is 170537 a composite number?
False
Is 10391 composite?
False
Is 337699 composite?
True
Is 19253 composite?
True
Is 1837 a composite number?
True
Is 10261 a prime number?
False
Is 46889 a composite number?
False
Is 3989 composite?
False
Is 838 a prime number?
False
Is 12071 a prime number?
True
Is 15419 a composite number?
True
Is 113851 composite?
True
Is 218383 composite?
True
Is 1783 a composite number?
False
Is 2179 composite?
False
Is 14563 a prime number?
True
Is 45347 a prime number?
False
Is 2196173 a composite number?
True
Is 5773 a composite number?
True
Is 4751 a prime number?
True
Is 726419 a prime number?
True
Is 5807 a composite number?
False
Is 7993 a composite number?
False
Is 29789 a composite number?
False
Is 1242739 composite?
False
Is 356693 prime?
True
Is 395377 composite?
False
Is 191203 a composite number?
True
Is 3183 prime?
False
Is 9527 composite?
True
Is 7463 a composite number?
True
Is 1865 composite?
True
Is 29329 a composite number?
True
Is 472247 composite?
False
Is 10891 prime?
True
Is 58831 composite?
False
Is 1404187 a prime number?
False
Is 213517 a composite number?
True
Is 7853 a composite number?
False
Is 244157 prime?
True
Is 5779 a prime number?
True
Is 2333 prime?
True
Is 21481 a composite number?
False
Is 626477 a composite number?
False
Is 148123 prime?
True
Is 108761 composite?
False
Is 1286893 a prime number?
False
Is 113417 composite?
False
Is 1271 a composite number?
True
Is 11863 composite?
False
Is 1318 composite?
True
Is 6333 composite?
True
Is 842063 a prime number?
True
Is 365437 composite?
True
Is 108863 composite?
False
Is 1399 a prime number?
True
Is 1636001 a prime number?
True
Is 47887 composite?
True
Is 195913 a prime number?
True
Is 18673 a composite number?
True
Is 8927 prime?
False
Is 28879 prime?
True
Is 13837 a composite number?
True
Is 33107 prime?
True
Is 237109 a prime number?
False
Is 31859 a composite number?
False
Is 3375421 a prime number?
False
Is 103634 a prime number?
False
Is 825679 a composite number?
False
Is 4721 a prime number?
True
Is 854663 a composite number?
True
Is 87383 composite?
False
Is 10133 composite?
False
Is 2407 a prime number?
False
Is 75079 a prime number?
True
Is 13751 prime?
True
Is 143709 composite?
True
Is 251821 a composite number?
True
Is 9745 composite?
True
Is 112226 a composite number?
True
Is 521 a composite number?
False
Is 549223 prime?
False
Is 47983 composite?
True
Is 18041 a prime number?
True
Is 177409 a prime number?
True
Is 1213 prime?
True
Is 5677 prime?
False
Is 18805 a prime number?
False
Is 467 a prime number?
True
Is 40213 prime?
True
Is 943 composite?
True
Is 312551 a prime number?
True
Is 1261 a prime number?
False
Is 13835 composite?
True
Is 1397 a composite number?
True
Is 8657 composite?
True
Is 22229 composite?
False
Is 13291 a prime number?
True
Is 895 a prime number?
False
Is 14809 composite?
True
Is 5167 prime?
True
Is 12381 prime?
False
Is 1561 composite?
True
Is 59791 prime?
True
Is 8903 prime?
False
Is 193835 prime?
False
Is 16127 a prime number?
True
Is 354581 a composite number?
False
Is 750277 prime?
False
Is 142007 prime?
True
Is 1149 a composite number?
True
Is 4271 a prime number?
True
Is 378377 composite?
True
Is 415559 prime?
True
Is 85619 a composite number?
False
Is 15427 a composite number?
False
Is 13381 a prime number?
True
Is 1151 composite?
False
Is 4381 prime?
False
Is 306329 composite?
False
Is 392333 a composite number?
False
Is 39541 composite?
False
Is 27533 a prime number?
False
Is 7397 composite?
True
Is 3037 a composite number?
False
Is 475957 composite?
False
Is 39469 a composite number?
True
Is 61291 composite?
False
Is 2463859 prime?
False
Is 27049 prime?
False
Is 122953 prime?
True
Is 3551 composite?
True
Is 30341 a prime number?
True
Is 50509 prime?
False
Is 65801 prime?
False
Is 421607 a prime number?
True
Is 10267 a prime number?
True
Is 196291 a composite number?
False
Is 794327 prime?
True
Is 23523 a composite number?
True
Is 20249 prime?
True
Is 647 prime?
True
Is 40693 composite?
False
Is 385471 prime?
True
Is 24907 a composite number?
False
Is 779279 prime?
False
Is 46231 a composite number?
True
Is 28159 a prime number?
False
Is 20201 a composite 